of 655?
False
Is 1088 a multiple of 8?
True
Does 30 divide 14610?
True
Does 11 divide 1280?
False
Is 3910 a multiple of 40?
False
Does 43 divide 2494?
True
Is 7 a factor of 1491?
True
Does 82 divide 667?
False
Is 1848 a multiple of 66?
True
Is 13 a factor of 1131?
True
Is 2191 even?
False
Is 2 even?
True
Is 39 a factor of 19163?
False
Does 28 divide 5771?
False
Is 8 a factor of 5496?
True
Does 6 divide 751?
False
Does 12 divide 785?
False
Is 1225 a multiple of 49?
True
Is 557 a multiple of 10?
False
Is 62 a factor of 1303?
False
Is 18 a factor of 7579?
False
Is 19 a factor of 1729?
True
Is 30 a factor of 15330?
True
Is 40 a factor of 22245?
False
Is 15980 a multiple of 17?
True
Is 6390 a multiple of 71?
True
Is 120 a multiple of 15?
True
Is 1202 a multiple of 49?
False
Does 51 divide 8772?
True
Is 23288 a multiple of 55?
False
Does 6 divide 344?
False
Is 690 a multiple of 23?
True
Does 3 divide 50?
False
Is 5 a factor of 6780?
True
Is 79 a factor of 2054?
True
Does 7 divide 16688?
True
Is 6753 a multiple of 10?
False
Is 8472 a multiple of 24?
True
Does 28 divide 22064?
True
Does 9 divide 1332?
True
Does 14 divide 359?
False
Is 71 a factor of 71?
True
Does 3 divide 352?
False
Is 980 a multiple of 7?
True
Is 2890 a multiple of 36?
False
Is 37403 a multiple of 45?
False
Does 32 divide 3360?
True
Is 52 a factor of 5195?
False
Does 57 divide 13110?
True
Is 9 a factor of 10113?
False
Does 28 divide 2257?
False
Does 16 divide 30934?
False
Does 9 divide 226?
False
Is 15 a multiple of 3?
True
Does 7 divide 826?
True
Does 27 divide 1242?
True
Is 17920 a multiple of 9?
False
Is 1742 a multiple of 67?
True
Is 18 a factor of 38?
False
Does 13 divide 494?
True
Is 7 a factor of 34272?
True
Is 4115 a multiple of 5?
True
Is 14 a factor of 47059?
False
Does 40 divide 39688?
False
Is 9 a factor of 11916?
True
Is 392 a multiple of 28?
True
Is 283 a multiple of 104?
False
Does 14 divide 630?
True
Is 2 a factor of 473?
False
Does 3 divide 276?
True
Is 16 a factor of 5424?
True
Is 5 a factor of 103?
False
Does 71 divide 2343?
True
Is 668 a multiple of 10?
False
Is 12 a factor of 9167?
False
Does 41 divide 45756?
True
Is 4 a factor of 2964?
True
Is 18 a factor of 448?
False
Does 18 divide 7833?
False
Is 258 a factor of 29412?
True
Is 900 a multiple of 6?
True
Does 19 divide 608?
True
Is 11 a factor of 18953?
True
Is 5 a factor of 441?
False
Does 82 divide 493?
False
Is 15 a factor of 750?
True
Is 21 a factor of 1311?
False
Does 66 divide 1782?
True
Is 7744 a multiple of 176?
True
Is 11 a factor of 363?
True
Is 12 a factor of 2940?
True
Is 67025 a multiple of 346?
False
Does 15 divide 3705?
True
Is 6 a factor of 1122?
True
Is 23 a factor of 1553?
False
Is 104 a factor of 140400?
True
Is 7 a factor of 147?
True
Does 63 divide 25301?
False
Is 5425 a multiple of 2?
False
Is 2256 a multiple of 6?
True
Does 18 divide 180?
True
Is 14 a factor of 11200?
True
Does 11 divide 47740?
True
Does 18 divide 1062?
True
Is 40397 a multiple of 13?
False
Does 42 divide 13314?
True
Is 3005 a multiple of 2?
False
Is 89 a factor of 29726?
True
Does 37 divide 8011?
False
Is 47920 a multiple of 8?
True
Is 23 a factor of 12828?
False
Does 4 divide 2698?
False
Does 20 divide 67478?
False
Does 4 divide 447?
False
Is 49725 a multiple of 183?
False
Does 5 divide 135?
True
Is 12 a factor of 5616?
True
Does 77 divide 57038?
False
Is 1390 a multiple of 84?
False
Is 9335 a multiple of 9?
False
Does 44 divide 4730?
False
Does 12 divide 86?
False
Is 48 a factor of 3312?
True
Is 434 a multiple of 7?
True
Is 19 a factor of 4313?
True
Does 27 divide 3132?
True
Is 16 a factor of 464?
True
Is 59569 a multiple of 21?
False
Is 38 a factor of 11272?
False
Does 13 divide 4290?
True
Does 73 divide 4765?
False
Is 116 a multiple of 11?
False
Is 97 a factor of 2813?
True
Is 31 a factor of 1209?
True
Does 2 divide 6398?
True
Is 28 a factor of 8204?
True
Is 2192 a multiple of 14?
False
Does 22 divide 2486?
True
Is 18 a factor of 576?
True
Is 28 a factor of 571?
False
Is 7356 a multiple of 65?
False
Does 6 divide 864?
True
Does 10 divide 1730?
True
Does 16 divide 4432?
True
Is 4640 a multiple of 8?
True
Is 19 a factor of 4325?
False
Does 26 divide 31798?
True
Is 2286 a multiple of 2?
True
Is 34 a factor of 21522?
True
Is 9383 a multiple of 148?
False
Is 1952 a multiple of 39?
False
Is 20 a factor of 230?
False
Is 1035 a multiple of 45?
True
Is 138 a multiple of 37?
False
Is 2204 a multiple of 58?
True
Does 20 divide 12720?
True
Is 1447 even?
False
Does 164 divide 15416?
True
Does 60 divide 12313?
False
Is 5772 a multiple of 5?
False
Does 13 divide 2740?
False
Is 19288 a multiple of 55?
False
Is 2433 a multiple of 50?
False
Does 11 divide 66?
True
Is 26674 a multiple of 114?
False
Is 7322 a multiple of 24?
False
Is 28 a factor of 203?
False
Does 59 divide 590?
True
Does 17 divide 114?
False
Does 28 divide 700?
True
Is 27226 a multiple of 60?
False
Is 13 a factor of 104?
True
Is 6 a factor of 984?
True
Does 100 divide 2400?
True
Is 104 a factor of 22776?
True
Is 14008 a multiple of 4?
True
Is 4 a factor of 268?
True
Is 3060 a multiple of 100?
False
Is 41510 a multiple of 10?
True
Does 2 divide 595?
False
Does 35 divide 4165?
True
Is 22 a factor of 459?
False
Is 148 a factor of 9028?
True
Is 808 a multiple of 32?
False
Is 6117 a multiple of 158?
False
Does 99 divide 23463?
True
Is 13 a factor of 889?
False
Does 72 divide 8064?
True
Is 8 a factor of 1612?
False
Does 78 divide 1014?
True
Is 294 a multiple of 3?
True
Is 3148 a multiple of 49?
False
Is 65 a factor of 356?
False
Does 4 divide 383?
False
Is 186 a factor of 7068?
True
Is 536 a multiple of 32?
False
Does 28 divide 21504?
True
Is 1500 a multiple of 15?
True
Is 11 a factor of 330?
True
Is 35 a factor of 20370?
True
Is 16 a multiple of 8?
True
Is 714 a multiple of 39?
False
Is 10 a factor of 70?
True
Is 76 a factor of 4513?
False
Is 18 a factor of 729?
False
Is 36 a factor of 7848?
True
Is 15 a factor of 435?
True
Does 27 divide 2041?
False
Is 73 a multiple of 3?
False
Does 9 divide 4343?
False
Is 6 a factor of 175?
False
Does 23 divide 100878?
True
Does 35 divide 60060?
True
Does 12 divide 17304?
True
Does 44 divide 1452?
True
Is 13 a factor of 15470?
True
Does 33 divide 5247?
True
Is 40 a factor of 7596?
False
Is 387 a multiple of 9?
True
Is 40970 a multiple of 170?
True
Does 10 divide 1060?
True
Is 69 a factor of 3694?
False
Is 19 a factor of 1618?
False
Does 36 divide 17109?
False
Does 14 divide 22064?
True
Is 3234 a multiple of 33?
True
Does 8 divide 1158?
False
Is 12 a factor of 2124?
True
Is 135 a multiple of 27?
True
Is 2468 a multiple of 61?
False
Is 12 a factor of 588?
True
Is 85 a factor of 8500?
True
Does 37 divide 1554?
True
Is 29 a factor of 2001?
True
Does 2 divide 306?
True
Is 50007 a multiple of 211?
True
Is 76 a factor of 8512?
True
Is 529 a multiple of 19?
False
Does 20 divide 35?
False
Is 36 a factor of 648?
True
Does 45 divide 65?
False
Does 40 divide 400?
True
Is 4411 a multiple of 25?
False
Is 17 a factor of 969?
True
Is 1664 a multiple of 6?
False
Is 54665 a multiple of 13?
True
Does 120 divide 12000?
True
Is 31 a factor of 31217?
True
Is 138 a factor of 8556?
True
Is 60 a factor of 62009?
False
Is 3479 a multiple of 16?
False
Does 41 divide 328?
True
Is 22 a factor of 902?
True
Is 13 a factor of 1270?
False
Is 6683 a multiple of 12?
False
Does 10 divide 35420?
True
Is 9 a factor of 18319?
False
Does 8 divide 64?
True
Does 49 divide 18571?
True
Does 46 divide 8142?
True
Does 11 divide 16357?
True
Is 9 a factor of 105?
False
Is 15 a factor of 91081?
False
Is 324 a multiple of 54?
True
Is 176 a factor of 2672?
False
Is 900 a multiple of 12?
True
Is 660 a multiple of 55?
True
Does 5 divide 5106?
False
Is 9961 a multiple of 22?
False
Is 127 a factor of 2069?
False
Does 7 divide 2814?
True
Is 9 a factor of 26082?
True
Does 154 divide 7238?
True
Does 57 divide 6840?
True
Does 2 divide 108?
True
Does 14 divide 13734?
True
Is 135 a factor of 16315?
False
Does 3 divide 446?
False
Is 22046 a multiple of 146?
True
Is 40323 a multiple of 159?
False
Does 123 divide 60393?
True
Does 12 divide 780?
True
Is 16999 a multiple of 26?
False
Does 31 divide 17174?
True
Is 1144 a multiple of 52?
True
Does 7 divide 1617?
True
Does 120 divide 120?
True
Does 17 